[INFO] cloning repository https://github.com/yfractal/tmap
[INFO] running `Command { std: "git" "-c" "credential.helper=" "-c" "credential.helper=/workspace/cargo-home/bin/git-credential-null" "clone" "--bare" "https://github.com/yfractal/tmap" "/workspace/cache/git-repos/https%3A%2F%2Fgithub.com%2Fyfractal%2Ftmap", kill_on_drop: false }`
[INFO] [stderr] Cloning into bare repository '/workspace/cache/git-repos/https%3A%2F%2Fgithub.com%2Fyfractal%2Ftmap'...
[INFO] running `Command { std: "git" "rev-parse" "HEAD", kill_on_drop: false }`
[INFO] [stdout] 214128ffa8ade9511d46503bb2faf7cebfe39fd7
[INFO] checking yfractal/tmap against try#72f88fc4e9458f89516a0b8b0868f3718aec5b47 for pr-74989
[INFO] running `Command { std: "git" "clone" "/workspace/cache/git-repos/https%3A%2F%2Fgithub.com%2Fyfractal%2Ftmap" "/workspace/builds/worker-4/source", kill_on_drop: false }`
[INFO] [stderr] Cloning into '/workspace/builds/worker-4/source'...
[INFO] [stderr] done.
[INFO] validating manifest of git repo https://github.com/yfractal/tmap on toolchain 72f88fc4e9458f89516a0b8b0868f3718aec5b47
[INFO] running `Command { std: "/workspace/cargo-home/bin/cargo" "+72f88fc4e9458f89516a0b8b0868f3718aec5b47" "read-manifest" "--manifest-path" "Cargo.toml", kill_on_drop: false }`
[INFO] started tweaking git repo https://github.com/yfractal/tmap
[INFO] finished tweaking git repo https://github.com/yfractal/tmap
[INFO] tweaked toml for git repo https://github.com/yfractal/tmap written to /workspace/builds/worker-4/source/Cargo.toml
[INFO] crate git repo https://github.com/yfractal/tmap already has a lockfile, it will not be regenerated
[INFO] running `Command { std: "/workspace/cargo-home/bin/cargo" "+72f88fc4e9458f89516a0b8b0868f3718aec5b47" "fetch" "--locked" "--manifest-path" "Cargo.toml", kill_on_drop: false }`
[INFO] running `Command { std: "docker" "create" "-v" "/var/lib/crater-agent-workspace/builds/worker-4/target:/opt/rustwide/target:rw,Z" "-v" "/var/lib/crater-agent-workspace/builds/worker-4/source:/opt/rustwide/workdir:ro,Z" "-v" "/var/lib/crater-agent-workspace/cargo-home:/opt/rustwide/cargo-home:ro,Z" "-v" "/var/lib/crater-agent-workspace/rustup-home:/opt/rustwide/rustup-home:ro,Z" "-e" "SOURCE_DIR=/opt/rustwide/workdir" "-e" "CARGO_TARGET_DIR=/opt/rustwide/target" "-e" "CARGO_HOME=/opt/rustwide/cargo-home" "-e" "RUSTUP_HOME=/opt/rustwide/rustup-home" "-w" "/opt/rustwide/workdir" "-m" "1610612736" "--user" "0:0" "--network" "none" "rustops/crates-build-env@sha256:d92eaeed33fa75130ca1ee6c8a01d1ffb62bac859dfdfb3450e3e5d1c0146529" "/opt/rustwide/cargo-home/bin/cargo" "+72f88fc4e9458f89516a0b8b0868f3718aec5b47" "metadata" "--no-deps" "--format-version=1", kill_on_drop: false }`
[INFO] [stderr] WARNING: Your kernel does not support swap limit capabilities or the cgroup is not mounted. Memory limited without swap.
[INFO] [stdout] 95f32756926fdeffb97721afdbd2d17c1d670de65b68a63e5e28498994d71169
[INFO] running `Command { std: "docker" "start" "-a" "95f32756926fdeffb97721afdbd2d17c1d670de65b68a63e5e28498994d71169", kill_on_drop: false }`
[INFO] running `Command { std: "docker" "inspect" "95f32756926fdeffb97721afdbd2d17c1d670de65b68a63e5e28498994d71169", kill_on_drop: false }`
[INFO] running `Command { std: "docker" "rm" "-f" "95f32756926fdeffb97721afdbd2d17c1d670de65b68a63e5e28498994d71169", kill_on_drop: false }`
[INFO] [stdout] 95f32756926fdeffb97721afdbd2d17c1d670de65b68a63e5e28498994d71169
[INFO] running `Command { std: "docker" "create" "-v" "/var/lib/crater-agent-workspace/builds/worker-4/target:/opt/rustwide/target:rw,Z" "-v" "/var/lib/crater-agent-workspace/builds/worker-4/source:/opt/rustwide/workdir:ro,Z" "-v" "/var/lib/crater-agent-workspace/cargo-home:/opt/rustwide/cargo-home:ro,Z" "-v" "/var/lib/crater-agent-workspace/rustup-home:/opt/rustwide/rustup-home:ro,Z" "-e" "SOURCE_DIR=/opt/rustwide/workdir" "-e" "CARGO_TARGET_DIR=/opt/rustwide/target" "-e" "CARGO_INCREMENTAL=0" "-e" "RUST_BACKTRACE=full" "-e" "RUSTFLAGS=--cap-lints=forbid" "-e" "CARGO_HOME=/opt/rustwide/cargo-home" "-e" "RUSTUP_HOME=/opt/rustwide/rustup-home" "-w" "/opt/rustwide/workdir" "-m" "1610612736" "--user" "0:0" "--network" "none" "rustops/crates-build-env@sha256:d92eaeed33fa75130ca1ee6c8a01d1ffb62bac859dfdfb3450e3e5d1c0146529" "/opt/rustwide/cargo-home/bin/cargo" "+72f88fc4e9458f89516a0b8b0868f3718aec5b47" "check" "--frozen" "--all" "--all-targets" "--message-format=json", kill_on_drop: false }`
[INFO] [stdout] 923cf84779f31d95efdd3e0bd5aa6eef17503ddbf57192d842451129ea24be50
[INFO] [stderr] WARNING: Your kernel does not support swap limit capabilities or the cgroup is not mounted. Memory limited without swap.
[INFO] running `Command { std: "docker" "start" "-a" "923cf84779f31d95efdd3e0bd5aa6eef17503ddbf57192d842451129ea24be50", kill_on_drop: false }`
[INFO] [stderr]     Blocking waiting for file lock on package cache
[INFO] [stderr]    Compiling proc-macro2 v1.0.8
[INFO] [stderr]    Compiling unicode-xid v0.2.0
[INFO] [stderr]    Compiling syn v1.0.14
[INFO] [stderr]     Checking slab v0.4.2
[INFO] [stderr]    Compiling memchr v2.3.0
[INFO] [stderr]     Checking cfg-if v0.1.10
[INFO] [stderr]     Checking futures-core v0.3.4
[INFO] [stderr]    Compiling log v0.4.8
[INFO] [stderr]    Compiling proc-macro-nested v0.1.3
[INFO] [stderr]     Checking futures-sink v0.3.4
[INFO] [stderr]     Checking pin-utils v0.1.0-alpha.4
[INFO] [stderr]     Checking futures-task v0.3.4
[INFO] [stderr]     Checking futures-io v0.3.4
[INFO] [stderr]     Checking arc-swap v0.4.4
[INFO] [stderr]     Checking fnv v1.0.6
[INFO] [stderr]     Checking bytes v0.5.4
[INFO] [stderr]     Checking pin-project-lite v0.1.4
[INFO] [stderr]     Checking lazy_static v1.4.0
[INFO] [stderr]     Checking iovec v0.1.4
[INFO] [stderr]     Checking net2 v0.2.33
[INFO] [stderr]     Checking num_cpus v1.12.0
[INFO] [stderr]     Checking futures-channel v0.3.4
[INFO] [stderr]     Checking signal-hook-registry v1.2.0
[INFO] [stderr]     Checking mio v0.6.21
[INFO] [stderr]    Compiling quote v1.0.2
[INFO] [stderr]     Checking mio-uds v0.6.7
[INFO] [stderr]    Compiling proc-macro-hack v0.5.11
[INFO] [stderr]    Compiling tokio-macros v0.2.4
[INFO] [stderr]     Checking tokio v0.2.11
[INFO] [stderr]    Compiling futures-macro v0.3.4
[INFO] [stderr]     Checking futures-util v0.3.4
[INFO] [stderr]     Checking futures-executor v0.3.4
[INFO] [stderr]     Checking futures v0.3.4
[INFO] [stderr]     Checking tmap v0.1.0 (/opt/rustwide/workdir)
[INFO] [stdout] warning: unused import: `tokio::prelude::*`
[INFO] [stdout]  --> src/lib.rs:1:5
[INFO] [stdout]   |
[INFO] [stdout] 1 | use tokio::prelude::*;
[INFO] [stdout]   |     ^^^^^^^^^^^^^^^^^
[INFO] [stdout]   |
[INFO] [stdout]   = note: `#[warn(unused_imports)]` on by default
[INFO] [stdout] 
[INFO] [stdout] 
[INFO] [stdout] warning: unused import: `std::sync::RwLock`
[INFO] [stdout]  --> src/lib.rs:6:5
[INFO] [stdout]   |
[INFO] [stdout] 6 | use std::sync::RwLock;
[INFO] [stdout]   |     ^^^^^^^^^^^^^^^^^
[INFO] [stdout] 
[INFO] [stdout] 
[INFO] [stdout] warning: variable does not need to be mutable
[INFO] [stdout]   --> src/lib.rs:65:18
[INFO] [stdout]    |
[INFO] [stdout] 65 |             let (mut sender, mut receiver) = mpsc::channel::<Channel>(100);
[INFO] [stdout]    |                  ----^^^^^^
[INFO] [stdout]    |                  |
[INFO] [stdout]    |                  help: remove this `mut`
[INFO] [stdout]    |
[INFO] [stdout]    = note: `#[warn(unused_mut)]` on by default
[INFO] [stdout] 
[INFO] [stdout] 
[INFO] [stdout] warning: variable does not need to be mutable
[INFO] [stdout]   --> src/lib.rs:65:30
[INFO] [stdout]    |
[INFO] [stdout] 65 |             let (mut sender, mut receiver) = mpsc::channel::<Channel>(100);
[INFO] [stdout]    |                              ----^^^^^^^^
[INFO] [stdout]    |                              |
[INFO] [stdout]    |                              help: remove this `mut`
[INFO] [stdout] 
[INFO] [stdout] 
[INFO] [stdout] warning: unnecessary parentheses around `for` iterator expression
[INFO] [stdout]    --> src/lib.rs:123:22
[INFO] [stdout]     |
[INFO] [stdout] 123 |             for i in (1..1000) {
[INFO] [stdout]     |                      ^^^^^^^^^ help: remove these parentheses
[INFO] [stdout]     |
[INFO] [stdout]     = note: `#[warn(unused_parens)]` on by default
[INFO] [stdout] 
[INFO] [stdout] 
[INFO] [stdout] warning: unused import: `tokio::prelude`
[INFO] [stdout]  --> src/lib.rs:1:5
[INFO] [stdout]   |
[INFO] [stdout] 1 | use tokio::prelude::*;
[INFO] [stdout]   |     ^^^^^^^^^^^^^^
[INFO] [stdout]   |
[INFO] [stdout]   = note: `#[warn(unused_imports)]` on by default
[INFO] [stdout] 
[INFO] [stdout] 
[INFO] [stdout] warning: variable does not need to be mutable
[INFO] [stdout]   --> src/lib.rs:65:18
[INFO] [stdout]    |
[INFO] [stdout] 65 |             let (mut sender, mut receiver) = mpsc::channel::<Channel>(100);
[INFO] [stdout]    |                  ----^^^^^^
[INFO] [stdout]    |                  |
[INFO] [stdout]    |                  help: remove this `mut`
[INFO] [stdout]    |
[INFO] [stdout]    = note: `#[warn(unused_mut)]` on by default
[INFO] [stdout] 
[INFO] [stdout] 
[INFO] [stdout] warning: variable does not need to be mutable
[INFO] [stdout]   --> src/lib.rs:65:30
[INFO] [stdout]    |
[INFO] [stdout] 65 |             let (mut sender, mut receiver) = mpsc::channel::<Channel>(100);
[INFO] [stdout]    |                              ----^^^^^^^^
[INFO] [stdout]    |                              |
[INFO] [stdout]    |                              help: remove this `mut`
[INFO] [stdout] 
[INFO] [stdout] 
[INFO] [stdout] warning: unused `std::result::Result` that must be used
[INFO] [stdout]   --> src/lib.rs:38:17
[INFO] [stdout]    |
[INFO] [stdout] 38 | /                 match result {
[INFO] [stdout] 39 | |                     Some(r) => resp.send(Some(r.clone())),
[INFO] [stdout] 40 | |                     None => resp.send(None)
[INFO] [stdout] 41 | |                 };
[INFO] [stdout]    | |__________________^
[INFO] [stdout]    |
[INFO] [stdout]    = note: `#[warn(unused_must_use)]` on by default
[INFO] [stdout]    = note: this `Result` may be an `Err` variant, which should be handled
[INFO] [stdout] 
[INFO] [stdout] 
[INFO] [stdout] warning: variable does not need to be mutable
[INFO] [stdout]    --> src/lib.rs:102:13
[INFO] [stdout]     |
[INFO] [stdout] 102 |         let mut rxs = tables.write().unwrap().create_table_with_partion("test", 3);
[INFO] [stdout]     |             ----^^^
[INFO] [stdout]     |             |
[INFO] [stdout]     |             help: remove this `mut`
[INFO] [stdout] 
[INFO] [stdout] 
[INFO] [stdout] warning: 5 warnings emitted
[INFO] [stdout] 
[INFO] [stdout] 
[INFO] [stdout] warning: unused `std::result::Result` that must be used
[INFO] [stdout]   --> src/lib.rs:38:17
[INFO] [stdout]    |
[INFO] [stdout] 38 | /                 match result {
[INFO] [stdout] 39 | |                     Some(r) => resp.send(Some(r.clone())),
[INFO] [stdout] 40 | |                     None => resp.send(None)
[INFO] [stdout] 41 | |                 };
[INFO] [stdout]    | |__________________^
[INFO] [stdout]    |
[INFO] [stdout]    = note: `#[warn(unused_must_use)]` on by default
[INFO] [stdout]    = note: this `Result` may be an `Err` variant, which should be handled
[INFO] [stdout] 
[INFO] [stdout] 
[INFO] [stdout] warning: unused `std::result::Result` that must be used
[INFO] [stdout]    --> src/lib.rs:108:9
[INFO] [stdout]     |
[INFO] [stdout] 108 | /         tokio::spawn(async move {
[INFO] [stdout] 109 | |             let sender = tables.read().unwrap().get_sender("test", 10);
[INFO] [stdout] 110 | |             write(&mut sender.clone(), 0, 11).await;
[INFO] [stdout] 111 | |
[INFO] [stdout] ...   |
[INFO] [stdout] 130 | |             }
[INFO] [stdout] 131 | |         }).await;
[INFO] [stdout]     | |_________________^
[INFO] [stdout]     |
[INFO] [stdout]     = note: this `Result` may be an `Err` variant, which should be handled
[INFO] [stdout] 
[INFO] [stdout] 
[INFO] [stdout] warning: 7 warnings emitted
[INFO] [stdout] 
[INFO] [stdout] 
[INFO] [stdout] error[E0432]: unresolved import `bencher`
[INFO] [stdout]  --> benches/lib.rs:1:5
[INFO] [stdout]   |
[INFO] [stdout] 1 | use bencher::{black_box, Bencher};
[INFO] [stdout]   |     ^^^^^^^ use of undeclared type or module `bencher`
[INFO] [stdout] 
[INFO] [stdout] 
[INFO] [stdout] error[E0433]: failed to resolve: use of undeclared type or module `bencher`
[INFO] [stdout]   --> benches/lib.rs:72:1
[INFO] [stdout]    |
[INFO] [stdout] 72 | bencher::benchmark_main!(lib);
[INFO] [stdout]    | ^^^^^^^ use of undeclared type or module `bencher`
[INFO] [stdout] 
[INFO] [stdout] 
[INFO] [stdout] error[E0433]: failed to resolve: use of undeclared type or module `bencher`
[INFO] [stdout]   --> benches/lib.rs:67:1
[INFO] [stdout]    |
[INFO] [stdout] 67 | bencher::benchmark_group!(
[INFO] [stdout]    | ^^^^^^^ use of undeclared type or module `bencher`
[INFO] [stdout] 
[INFO] [stdout] 
[INFO] [stdout] warning: unnecessary parentheses around `for` iterator expression
[INFO] [stdout]  --> benches/lib.rs:7:14
[INFO] [stdout]   |
[INFO] [stdout] 7 |     for i in (start..end) {
[INFO] [stdout]   |              ^^^^^^^^^^^^ help: remove these parentheses
[INFO] [stdout]   |
[INFO] [stdout]   = note: `#[warn(unused_parens)]` on by default
[INFO] [stdout] 
[INFO] [stdout] 
[INFO] [stdout] warning: unnecessary parentheses around `for` iterator expression
[INFO] [stdout]   --> benches/lib.rs:37:18
[INFO] [stdout]    |
[INFO] [stdout] 37 |         for i in (0..total_count) {
[INFO] [stdout]    |                  ^^^^^^^^^^^^^^^^ help: remove these parentheses
[INFO] [stdout] 
[INFO] [stdout] 
[INFO] [stdout] warning: unnecessary parentheses around `for` iterator expression
[INFO] [stdout]   --> benches/lib.rs:53:22
[INFO] [stdout]    |
[INFO] [stdout] 53 |             for i in (0..task_counts) {
[INFO] [stdout]    |                      ^^^^^^^^^^^^^^^^ help: remove these parentheses
[INFO] [stdout] 
[INFO] [stdout] 
[INFO] [stdout] warning: unused import: `tokio::prelude`
[INFO] [stdout]  --> benches/lib.rs:3:5
[INFO] [stdout]   |
[INFO] [stdout] 3 | use tokio::prelude::*;
[INFO] [stdout]   |     ^^^^^^^^^^^^^^
[INFO] [stdout]   |
[INFO] [stdout]   = note: `#[warn(unused_imports)]` on by default
[INFO] [stdout] 
[INFO] [stdout] 
[INFO] [stdout] error: aborting due to 3 previous errors; 4 warnings emitted
[INFO] [stdout] 
[INFO] [stdout] 
[INFO] [stdout] Some errors have detailed explanations: E0432, E0433.
[INFO] [stdout] 
[INFO] [stdout] For more information about an error, try `rustc --explain E0432`.
[INFO] [stdout] 
[INFO] [stderr] error: could not compile `tmap`.
[INFO] [stderr] 
[INFO] [stderr] To learn more, run the command again with --verbose.
[INFO] running `Command { std: "docker" "inspect" "923cf84779f31d95efdd3e0bd5aa6eef17503ddbf57192d842451129ea24be50", kill_on_drop: false }`
[INFO] running `Command { std: "docker" "rm" "-f" "923cf84779f31d95efdd3e0bd5aa6eef17503ddbf57192d842451129ea24be50", kill_on_drop: false }`
[INFO] [stdout] 923cf84779f31d95efdd3e0bd5aa6eef17503ddbf57192d842451129ea24be50
